87914 = 0. What is the tens digit of h?
4
Let o(t) = -8*t - 1. Let k be o(2). Let h(u) = -29*u + 52*u + 10 - 25*u. What is the tens digit of h(k)?
4
Suppose -5*o + 5 + 5 = 0. Suppose 0*k - o*q + 18 = 2*k, 0 = -k + 3*q - 11. Suppose -24 = -6*u + k*u. What is the tens digit of u?
1
Let m(k) = 318*k + 4137. What is the units digit of m(19)?
9
Let i = 2331 + -1258. Let t = 369 + i. What is the hundreds digit of t?
4
Suppose 583712 = 2*h - 4*h + 19*h. What is the thousands digit of h?
4
Let l = 6385 + 2829. What is the thousands digit of l?
9
Let h(v) = -4*v + 712. Let d be h(0). Suppose -r - q + 356 = 0, -2*r - 6*q + d = -9*q. What is the tens digit of r?
5
Suppose -7*r + 6*r - 2*z = -11, 0 = 2*r - 3*z + 6. What is the tens digit of 440 - (5 + -7) - r?
3
Let p(i) = -i**2 + 14*i + 22. Let c be p(12). Suppose 0 = -7*o - c + 5310. What is the hundreds digit of o?
7
Let c(n) = 4*n**2 + 22*n - 1216. What is the hundreds digit of c(-84)?
1
Let r(g) = 21*g**3 + 12*g**2 + 39*g - 538. What is the hundreds digit of r(15)?
6
Suppose -6*n + 2*v = -8*n + 908, 2*n + 4*v = 918. Let i = 495 - n. What is the units digit of i?
6
Let j = 514 + -972. Let q = j + 1081. What is the units digit of q?
3
Suppose -188927 - 2986 = -153*y + 102*y. What is the tens digit of y?
6
Suppose 5*w - 5*z - 5 = -0, -16 = -4*z. Suppose 0*c = -w*c + 540. Let b = 236 - c. What is the hundreds digit of b?
1
Suppose -37*v + 40*v - 4260 = 0. Suppose -2*q - 3*q - 4*b + v = 0, -4*b - 820 = -3*q. What is the units digit of q?
0
Let v(j) be the first derivative of 5*j**2/2 - 176*j + 176. What is the units digit of v(36)?
4
Suppose 258*f - 264*f = -48. Suppose -23*b + 8370 = -f*b. What is the hundreds digit of b?
5
Let k(f) = f**2 + 4*f. Let d be k(0). Suppose d = 5*q - 19 - 1. What is the units digit of 537/q + (0 - (-5)/(-20))?
4
Let v = 3307 + -2111. Suppose 4*b = -4*p + 4784, -v = -b - 6*p + 8*p. What is the units digit of b?
6
Let f be -6 + ((-34)/(-10) - 21/(-35)). What is the hundreds digit of 5 - 3 - 256/f?
1
Let d(m) be the first derivative of 55*m**4 - 2*m**3/3 - m**2/2 + m + 58. What is the hundreds digit of d(1)?
2
What is the tens digit of -14 - ((-27)/3 - 7294)?
8
Let n = -551 - -3287. What is the tens digit of n?
3
Suppose a = -5 + 27. Let k = -19 + a. Suppose k*p - 593 = 2*z, 0*p - 187 = -p - 2*z. What is the hundreds digit of p?
1
Let y = 148342 - 91122. What is the hundreds digit of y?
2
Let t(f) = -12*f**2 - 12*f - 40. Let w be t(-4). What is the tens digit of (-94967)/w - (-2)/(-16)?
1
Let x = -43208 - -59298. What is the tens digit of x?
9
Let y = 50664 - 23399. What is the ten thousands digit of y?
2
Suppose 9*l - 16879 - 10247 = 0. What is the units digit of l?
4
Suppose j + 28 = 6. Let u = 21 + j. What is the tens digit of u*(-1)/((-1)/178*-2)?
8
Let y = 56 + -52. Suppose -t + 330 = -2*g, 685 = 2*t + 5*g - y*g. What is the hundreds digit of t?
3
Suppose 4*k - 24*b = -26*b + 201812, -3*b = 2*k - 100918. What is the hundreds digit of k?
4
Let p(n) = 8*n. Let q be p(6). Let f = q - -75. Let r = -93 + f. What is the tens digit of r?
3
Let u = -2 - -14. Suppose 2 = -u*t + 13*t. What is the tens digit of 95 + (0/(5 - t) - 2)?
9
Let c = 259 + -256. Suppose -4*l + 1353 = c*z, -2*l = 3*l + 4*z - 1692. What is the hundreds digit of l?
3
Let i(u) = -426*u + 2949. What is the units digit of i(-36)?
5
Suppose 12*h - 178813 = -5*h + 269868. What is the tens digit of h?
9
Let k(l) = 17*l**2 - 10*l - 4. Suppose 10*a - 9*a + 5 = 0. What is the tens digit of k(a)?
7
Suppose 0 = -53*d + 54*d - 34. Let a = 36 + d. Suppose p - a = 7. What is the units digit of p?
7
Suppose 4*t + 2*g - 10 = 0, 2*t = -3*t + 2*g + 17. Let m be 21/(4 + (4 - 27/t)). What is the units digit of 3/(-2)*70/m?
5
Suppose -20 = -5*n + n. Suppose 5*x - 375 = n*d, -4*x + 6*d + 297 = 3*d. Let c = x + -19. What is the units digit of c?
3
Suppose 0 = i - 4*i - 3. Let w be (-3*(-4)/i)/((-1)/2). Let s = 50 - w. What is the units digit of s?
6
Let v = -5223 + 14348. What is the tens digit of v?
2
Suppose 2 - 6 = -4*r. Let p(t) be the second derivative of 7*t**3/2 + t**2/2 + 36*t. What is the units digit of p(r)?
2
Let x be -2 + 0 - 140 - (-3 - -6). Let k = -73 - x. What is the units digit of k?
2
Let r(g) = -g**3 + 2*g**2 - 64. Let z be r(0). Let s = -60 - z. Suppose -6*b = -s*b - 44. What is the tens digit of b?
2
Let o(p) = p**2 - p - 11. Let f be o(4). Let s = 4 + -5. What is the tens digit of f/2 + s + 25/2?
1
Let n(z) = 38*z**2 + 75*z + 15. What is the thousands digit of n(-9)?
2
Suppose -5*n + 4*w + 28521 = 0, n + 5*w - 5357 = 353. What is the thousands digit of n?
5
What is the hundreds digit of (-675)/(-3)*(3104/48 + 15)?
9
Suppose 6*g + 6 = 120. Let q(t) = t**2 - 19*t + 23. Let p be q(g). Suppose -4*j + 9 = -p. What is the units digit of j?
8
Let g = -495 + 605. Suppose -5*q + 216 = n, -3*q = 106*n - g*n + 887. What is the tens digit of n?
2
Let k(m) be the third derivative of 3*m**5/5 + m**4/2 - 13*m**3/3 + 3*m**2. What is the hundreds digit of k(2)?
1
Let l = -124 - -192. Suppose l - 32 = u. Suppose u = -3*t + 324. What is the tens digit of t?
9
Suppose 4*h - 3*b - 31 = 0, 3*b + b = 2*h - 28. Suppose 0*k - f = -5*k + 2627, -k = -h*f - 533. What is the units digit of k?
5
What is the ten thousands digit of 44/682 + (1 - 3854530/(-155))?
2
Let t = -74 - -77. Suppose m + t*z + z - 143 = 0, -2*m - 2*z + 304 = 0. What is the units digit of m?
5
Let p(j) = -j**2 + 9*j. Let y be p(7). Let f = 12 - y. What is the units digit of (-2*(-428)/16)/(f/(-4))?
7
Let t(a) = -2*a + 24. Let n = -4 - -13. Let m be t(n). What is the tens digit of (-172)/m*(-12)/8?
4
Suppose -28*n + 1284847 - 316784 = -298265. What is the thousands digit of n?
5
Let p = 153 - 149. Suppose -p*j - j = -10, -4*z + j + 4298 = 0. What is the thousands digit of z?
1
Suppose -1168 = -b - 7*b. Let l(q) = b*q - 161*q + 3*q**2 - 2*q**2. What is the units digit of l(19)?
6
Let s(i) = 2*i**2 - 4 - 13*i - 22*i + 8*i. Let z be 1*(2 + 96/8). What is the units digit of s(z)?
0
Let y(x) = 11*x**2 + 7*x + 13. Let s be y(-2). Suppose s*l - 49*l = -438. What is the tens digit of l?
7
Suppose -6*i - 13 = -7*i. Suppose v = -3*v - 4*r + 32, 2*v - i = -5*r. Suppose -v*y + 5*y = -100. What is the units digit of y?
5
Suppose 57 = 5*o - 48. Let w(b) = 24*b + 20*b + o*b - 23 + 6. What is the hundreds digit of w(2)?
1
Suppose 71*t + 33*t - 315541 = 7*t. What is the units digit of t?
3
Let c be 9*(-4)/(-24)*30/9. Suppose -5*v = -c*y + 755, -v + 3 = 8. What is the units digit of y?
6
Let p = 76 + -66. Let v(s) = p - 2 - 12 - 22*s - 16. What is the hundreds digit of v(-7)?
1
Let r(q) = -q**2 + 14*q + 17. Let n be r(15). Suppose n*c - 3*c + 2 = 0. Suppose -9*p + c*p = -147. What is the tens digit of p?
2
Suppose 187*g - 19801 = 24892. Let f(u) = -u**3 + 5*u**2 - 5*u + 3. Let l be f(3). Suppose l*w + g - 2021 = 0. What is the units digit of w?
7
Suppose -2*g + 810 = 25*g. What is the hundreds digit of -2*((-5295)/g + 1*-1)?
3
Suppose 3*s + 3*b - 4891 = b, -1641 = -s + 2*b. What is the tens digit of s?
3
Suppose b - 2*f - 19 = 0, -4*b = -2*b + 5*f - 47. Suppose 5*l - 5 = 0, 0 = a + 3*l - 2*l + b. Let y = -12 - a. What is the tens digit of y?
1
Let c(x) = x**3 + x**2 + 2*x + 2. Let v be c(-3). Let t be v*((-21)/6 + 3). Suppose -t*u = 26 - 499. What is the units digit of u?
3
Let s(j) = 801*j + 782. What is the hundreds digit of s(12)?
3
Suppose 10 = 15*q - 13*q. Suppose -1639 = -q*i + 5701. What is the units digit of i?
8
Let q(z) = 2801*z**2 - 2*z + 1. Let s be q(2). Suppose -5459 = -34*p + s. What is the hundreds digit of p?
4
Let x be ((5 - 1) + -3)*3. Let q(b) be the third derivative of 3*b**5/20 - 5*b**3/3 + b**2 - 5*b. What is the tens digit of q(x)?
7
Let x = -304 - -391. Suppose 0 = -70*a + x*a - 10982. What is the hundreds digit of a?
6
Suppose 0 = -128*a + 292047 + 917553. What is the thousands digit of a?
9
Let p = 270 - 273. What is the hundreds digit of (1 - -1) + (-1970)/(-10) + p?
1
Let p(o) = o**3 - 9*o**2 - 9*o - 12. Let u be p(10). Let n(x) = -4*x - 9. Let l be n(u). Let q(m) = -81*m + 4. What is the tens digit of q(l)?
8
What is the units digit of (-263343)/(-82) - (-9)/(-6)?
0
Let d(n) = 3*n**2 - 55*n + 191. What is the thousands digit of d(46)?
4
Let c(j) = -j**3 - 